{"id":55,"date":"2013-07-22T12:23:56","date_gmt":"2013-07-22T10:23:56","guid":{"rendered":"http:\/\/www.leuchtenversand.com\/wordpress\/ueber-uns\/"},"modified":"2023-01-10T13:02:00","modified_gmt":"2023-01-10T12:02:00","slug":"ueber-uns","status":"publish","type":"page","link":"http:\/\/www.leuchtenversand.com\/joomla\/","title":{"rendered":"\u00dcber uns"},"content":{"rendered":"<p>Die Firma WURM IT Solutions wurde nach langj\u00e4hriger Erfahrung im IT-Sektor von Thorsten Wurm im Juli 2006 als Einzelunternehmen gegr\u00fcndet.<\/p>\n<p>Unser Unternehmen mit Sitz in Lennestadt-Elspe besteht aus einem flexiblen Team von Fachinformatikern und projektorientierten Beratern, mit fundierten Kenntnissen im IT-Dienstleistungssektor.<\/p>\n<h2>Leistungen<\/h2>\n<p>Unser Unternehmen ist vor allem in den Bereichen Beratung und Vor-Ort-Betreuung t\u00e4tig. Als einer der f\u00fchrenden Dienstleister rund um die Welt der EDV in unserer Region stellen wir uns jeder Herausforderung.<\/p>\n<p>Wir beraten Sie gerne bei der Anschaffung Ihrer neuen Computeranlage und richten diese nach Ihren Bed\u00fcrfnissen und W\u00fcnschen direkt bei Ihnen vor Ort ein.<\/p>\n<p>Sie verf\u00fcgen bereits \u00fcber einen oder mehrere Computer? Kein Problem!<\/p>\n<p>Wir r\u00fcsten Ihre Computer auf, optimieren diese oder sichern Sie vollst\u00e4ndig ab. So haben Hacker und Betr\u00fcger keine Chance!<\/p>\n<p>Unsere F\u00e4higkeit, auch schwierige und komplexe Herausforderungen in Ihrem Sinne schnell und kosteng\u00fcnstig zu l\u00f6sen, wird auch Sie \u00fcberzeugen.<\/p>\n<h2>Philosophie<\/h2>\n<p>Unsere L\u00f6sungen und Services stehen f\u00fcr ein Maximum an Qualit\u00e4t, Effizienz und Zuverl\u00e4ssigkeit. Zu unserer Auffassung von Dienstleistung geh\u00f6rt es, dass Sie zu jedem Zeitpunkt die bestm\u00f6gliche Leistung erhalten.<\/p>\n<h2>Kunden<\/h2>\n<p>Zu unseren Kunden geh\u00f6ren zahlreiche Privatkunden, kleine und mittelst\u00e4ndische Unternehmen aus der Region und deutschlandweit.<\/p>\n<p>Unser Erfolg begr\u00fcndet sich auf einer langj\u00e4hrigen und partnerschaftlichen Kundenbindung.<\/p>\n<p>\u00a0<\/p>\n\n\n<p><\/p>\n","protected":false},"excerpt":{"rendered":"<p>Die Firma WURM IT Solutions wurde nach langj\u00e4hriger Erfahrung im IT-Sektor von Thorsten Wurm im Juli 2006 als Einzelunternehmen gegr\u00fcndet. Unser Unternehmen mit Sitz in Lennestadt-Elspe besteht aus einem flexiblen &hellip; <\/p>\n","protected":false},"author":1,"featured_media":0,"parent":0,"menu_order":8,"comment_status":"closed","ping_status":"closed","template":"","meta":{"footnotes":""},"class_list":["post-55","page","type-page","status-publish","hentry"],"_links":{"self":[{"href":"http:\/\/www.leuchtenversand.com\/joomla\/index.php?rest_route=\/wp\/v2\/pages\/55","targetHints":{"allow":["GET"]}}],"collection":[{"href":"http:\/\/www.leuchtenversand.com\/joomla\/index.php?rest_route=\/wp\/v2\/pages"}],"about":[{"href":"http:\/\/www.leuchtenversand.com\/joomla\/index.php?rest_route=\/wp\/v2\/types\/page"}],"author":[{"embeddable":true,"href":"http:\/\/www.leuchtenversand.com\/joomla\/index.php?rest_route=\/wp\/v2\/users\/1"}],"replies":[{"embeddable":true,"href":"http:\/\/www.leuchtenversand.com\/joomla\/index.php?rest_route=%2Fwp%2Fv2%2Fcomments&post=55"}],"version-history":[{"count":9,"href":"http:\/\/www.leuchtenversand.com\/joomla\/index.php?rest_route=\/wp\/v2\/pages\/55\/revisions"}],"predecessor-version":[{"id":142,"href":"http:\/\/www.leuchtenversand.com\/joomla\/index.php?rest_route=\/wp\/v2\/pages\/55\/revisions\/142"}],"wp:attachment":[{"href":"http:\/\/www.leuchtenversand.com\/joomla\/index.php?rest_route=%2Fwp%2Fv2%2Fmedia&parent=55"}],"curies":[{"name":"wp","href":"https:\/\/api.w.org\/{rel}","templated":true}]}}